e u(-7).
-14
Let m(i) = i**2 + 7*i + 9. Let b(a) = -2*a**3 + 2*a**2 - 2*a - 4. Let u be b(-2). Let f be 2/3 - 160/u. Determine m(f).
3
Let j(b) = -b**2 + 2*b - 1. Let m be (1/2)/((-7)/(-42)). Determine j(m).
-4
Suppose -2*a - 4*a = -90. Let o = a + -10. Let v(y) = -y**3 + 6*y**2 - 2*y + 7. Determine v(o).
22
Let n(y) = 2 + 1 - 1 - y**2 - 10 - 9*y. Let l be ((-24)/18)/(3 + (-25)/9). Give n(l).
10
Let n(y) be the first derivative of -y**4/4 - y**3/3 - y**2/2 + 10*y + 58. Let d be -2 + 0 + 4/2. Give n(d).
10
Let i(k) = -3*k + 8. Let h(d) = d. Let m(x) = h(x) + i(x). Let y be 4 - (-4 + 0 + 4) - -2. What is m(y)?
-4
Let n(t) = -7*t**2 + 2 - 3*t - t**3 - 2*t + 6 + 0. Let g(w) = w**2 - w. Let a be g(4). Let r be 14/(-2) - (11 - a). Determine n(r).
2
Let r(p) be the first derivative of -2*p**3/3 - 5*p**2/2 - 14*p + 15. Let y(j) be the first derivative of r(j). Give y(-6).
19
Let u(q) be the second derivative of q**5/30 - q**4/12 - q**3/2 + 4*q**2 + 5*q. Let d(j) be the first derivative of u(j). What is d(-2)?
9
Let q(w) be the third derivative of -w**4/24 - 13*w**3/6 + w**2. Suppose -m + 28*m = -297. Let l be q(m). Let y(p) = p**3 - p**2 + p + 2. What is y(l)?
-12
Let s(b) = 10*b. Suppose -4*v = 6 - 22. Suppose -4*i + 2*i = -28. Suppose -i = v*a - 10. Calculate s(a).
-10
Let b(q) = -5*q + 2. Let d = 16 - 4. Let i = d - 9. Suppose 3*y = 3*s + 3, -17 = -s - 4*y - i. Calculate b(s).
-8
Let i(o) = 12*o**2 - 6*o**2 + 16*o**2 + 0*o**2. What is i(-1)?
22
Let i(h) be the second derivative of -h**5/20 - 7*h**4/12 - 7*h**3/6 + 5*h**2/2 - 73*h. Let p be (-46)/8 - (-5)/(-20). Give i(p).
11
Let l(p) be the second derivative of -20*p + p**3 + 1/12*p**4 + 0 + 1/2*p**2. Give l(-5).
-4
Let h(r) = 60*r**3 + 62*r**3 - 6 + 6*r - 121*r**3 + 7*r**2. Determine h(-6).
-6
Let j(m) = 12*m + 15*m + 22*m - 45*m - 25. Calculate j(8).
7
Let o(s) be the second derivative of -s**4/12 + 2*s**3/3 - 3*s**2 + s + 1. What is o(5)?
-11
Let u be 0 - (-10)/15 - 10/(-3). Suppose -u*y + 2*a - 32 = -6, -y - 2*a + 1 = 0. Let v(i) = 3*i + 3. Determine v(y).
-12
Let b(d) = -d - 9. Suppose 0 = -4*r + 22 - 86. Let y = r + 12. Calculate b(y).
-5
Let t(b) be the third derivative of b**7/840 - b**6/60 - b**5/40 + b**4/3 + 7*b**3/2 - 6*b**2. Let p(n) be the first derivative of t(n). Determine p(6).
-10
Let y(u) = u**2 + 21*u + 59. Let x be y(-17). Let m(h) = -h**3 - 9*h**2 - 11. What is m(x)?
-11
Let b = 2 - 0. Let q(w) = 6*w**2 + 5*w + 28. Let d(o) = -4*o**2 - 4*o - 21. Let a(y) = -4*d(y) - 3*q(y). What is a(b)?
-6
Suppose -4*u + 2*k = k - 48, -5*k = -3*u + 36. Let p(r) = -r + 11. What is p(u)?
-1
Suppose -3*g - 5 = -5*q + 20, 3*q + 14 = -4*g. Let n(r) = q*r - 3 + 2*r**2 + 3*r**2 - r + 3*r. Determine n(2).
25
Let v(t) = 3*t + 2. Let o be v(-11). Let y = -4 - o. Let a(r) = 2*r - 26 + 56 - y. Determine a(-3).
-3
Let i(l) be the third derivative of 10*l**2 + 1/12*l**5 + 0 - 1/6*l**3 + 0*l - 1/24*l**4. Give i(-1).
5
Let f = -129 - -128. Let n(y) = -3*y**2 - 13*y + 15. Let u(l) = l**2 + l - 1. Let w(a) = f*n(a) - 4*u(a). What is w(8)?
-3
Let c(f) = f**3 - 7*f**2 - 9*f - 9. Let y be c(8). Let v = y - -23. Let p(o) = o**3 - 7*o**2 + 8*o + 1. What is p(v)?
13
Let v(q) = q**2 + 9*q + 7. Let n(p) = 17*p - 313. Let k be n(18). Calculate v(k).
-7
Let x be 7*20/(-30)*9/(-6). Let f(n) be the third derivative of n**6/120 - n**5/10 - n**4/3 - 5*n**3/3 - n**2. Give f(x).
-17
Let t(s) = s**2 - 7*s + 6. Suppose -w - 4*w - 15 = 0, k - 4 = -w. Let l be t(k). Let c(v) = v**3 - 5*v**2 - 7*v + 6. Calculate c(l).
0
Suppose 0*j - 72 = -4*j. Let g be (-12)/j - 34/(-6). Let s(k) = -1 + k + g + 4 - 1. Give s(-3).
4
Let t(y) = y**2 + 34*y - 144. Let d be t(4). Let o(a) be the first derivative of -1/3*a**3 - 3*a**2 + 0*a - d. What is o(-5)?
5
Let r(z) = -z + 3. Let a(c) = c**3 + 3*c**2 - 2*c + 19. Let y(v) = -a(v) + 5*r(v). Calculate y(-3).
5
Let h = 7 + -8. Let t(u) = 0 - 3 + 3 + 1 - 5*u. Give t(h).
6
Let d = 1 - 0. Let u(v) = -2*v + 7. Let t be u(2). Let i(g) = 3*g**2 - 3*g**t - g + 2*g**3 - 2*g**2 - 2*g**3. Determine i(d).
-3
Let x(u) = -3*u**2 - 5*u**2 + 18 - 29 - 11*u - 3*u**3 - u**2. Let n(h) = -2*h**3 - 5*h**2 - 6*h - 6. Let m(s) = -5*n(s) + 3*x(s). Calculate m(3).
-3
Suppose 31*k - 33*k = -42. Let m be (-14)/(-49) + 78/k. Let a(i) = i**3 - 3*i**2 + i - 4. Calculate a(m).
16
Suppose 3*s = -q - 9, 0 = 2*q + 3*s - 8*s - 15. Let b(h) be the first derivative of -h**3/3 + h**2/2 - 19*h + 250. Give b(q).
-19
Let g(a) = -2*a - 13. Let h be ((294/(-4))/(-21))/(2/(-4)). Calculate g(h).
1
Let h be (-1)/(3/6 + 0). Let l be (h/(-2) - -1)*-1. Let z(p) be the second derivative of -p**5/20 + p**3/3 - p**2/2 - 2*p. Determine z(l).
3
Let z(c) = 5*c**3 + 5*c**2 - 1. Let x be 2/((-22)/(-275)*-1*5). Let q(t) = 4*t**3 + 4*t**2 - 1. Let u(o) = x*z(o) + 6*q(o). What is u(0)?
-1
Let p be ((-372)/15)/(6/(-15)). Let j = -55 + p. Let o(t) = -t**2 + 9*t - 6. Determine o(j).
8
Let n(s) = -s**2 + 5*s + 10. Let m(c) = -5*c**2 + 19*c + 40. Let a(b) = 2*m(b) - 9*n(b). Let r be a(-5). Let f(i) = -i**3 + i**2 + 13. Give f(r).
13
Let g be (2/(-3) - (-102)/18)/1. Let a(v) = -v**2 + 1. Let q(b) = b**3 + 4*b**2 + b - 8. Let h(x) = g*a(x) + q(x). What is h(0)?
-3
Let r = -1504 + 1512. Let t(g) = -g - 3. What is t(r)?
-11
Let r(p) = -p**3 - 4*p**2 - p + 3. Let w be -13 + 12 - 3*-1. Suppose -w*j - 8 = 2*q, -2 + 0 = 2*j. What is r(q)?
-3
Let t(d) = 44*d**2 - 1 + 4*d + 0*d - 8*d + 4*d. Calculate t(-1).
43
Let z = 129 - 114. Let k(h) = 16*h - 7*h + z*h**2 - 8*h. Determine k(1).
16
Let d = 8 - 12. Let m(t) = t**2 + 7*t - 2. Let f be m(-8). Let q(n) = 5*n - n + n**3 + 3*n + f + 6*n**2. Give q(d).
10
Let a(s) = -s**3 + s**2 + s - 7. Let g(q) be the third derivative of -q**5/60 - q**4/12 + q**3/2 + 11*q**2. Let w be (3 - 1)/((-4)/6). Let c be g(w). Give a(c).
-7
Let d = -4 + 7. Let v = -375 - -377. Let p(b) = -d*b**v + 0*b**2 - 4 + 4*b**2 + b. What is p(-4)?
8
Let b = 23 + -23. Suppose h + 4*u - 3 = b, 2*u = -4*h + 6*h + 4. Let c(d) = -9*d**3 - 1. Give c(h).
8
Let j(t) = 6*t**2 + 5*t + 1 - t**3 + 4*t**2 - 5*t - 8*t. What is j(9)?
10
Suppose 0 = -5*x - 2*u - 570, 0*x + 356 = -3*x - 4*u. Let r be (-32)/x + ((-104)/(-14))/2. Let c(n) = n**3 - 3*n**2 - 5. Calculate c(r).
11
Let z(s) = -5*s**2 + 4 - 2 + 5*s**2 + 2*s**2. Suppose d = i - 3, -3*d + 2*i - 5 = 3*i. Calculate z(d).
10
Suppose m = 5*l - 20 - 16, 0 = 5*m - 3*l + 158. Let o = 30 + m. Let v(t) = 5*t**2 - t - 1. Calculate v(o).
5
Let n(y) = -7*y - 129*y**2 + 128*y**2 - 2 - 1. Let l be (-6 + (0 + 1)/(-1))/1. Determine n(l).
-3
Suppose 0 = 103*b - 97*b + 18. Let g(i) = i**3 + 4*i**2 + i + 3. Determine g(b).
9
Let w(k) be the first derivative of -k**4/4 + 5*k**3/3 - 2*k**2 + 3*k + 3562. Suppose c + 4*h + 2 = 2*c, -4*h = -3*c - 10. Let j = c - -8. Give w(j).
7
Let k(f) = -f**3 + 4*f**2 + 3*f - 8. Suppose 4*d - 5*m + 7*m = 24, -d - 4 = -2*m. Determine k(d).
4
Let p(t) = t**2 + 5*t + 6. Suppose -35*w - 36 = -31*w + 4*d, 0 = 4*w + 5*d + 39. What is p(w)?
12
Let k(v) = -2*v**2 + 8*v. Let n(r) be the third derivative of r**5/60 - r**4/24 - r**2. Let f(p) = k(p) + 3*n(p). What is f(-6)?
6
Let i(x) = -83*x + 2 + 106*x - 24*x. Let k = -3 - -6. Calculate i(k).
-1
Let f(q) be the third derivative of q**5/60 - 7*q**4/24 - 4*q**3/3 - 109*q**2. Determine f(7).
-8
Let k(c) be the second derivative of -c**5/20 - c**4/4 - c**3/3 - c**2 - 2*c. Let h = 1029 - 1031. What is k(h)?
-2
Let v(y) = -20 + 46 - 26 + y. Let x be (-24)/(-16)*8/6. Suppose x*r + 4*f - 13 = -r, 16 = 4*f. Give v(r).
-1
Let w(x) = 3*x**2 + x + 2. Let y(a) = -5*a + 92. Let f be y(18). Determine w(f).
16
Let q(x) = 7*x - 2*x + 6*x**2 - 1968*x**3 + 1969*x**3. Calculate q(-6).
-30
Suppose -v = 3*h - 7*h + 37, -4*v + 41 = 5*h. Suppose 4*u = h*u - 20. Let j(a) = -u*a + 3*a - 1 + 2*a. What is j(5)?
4
Let c(d) = 4*d + 5. Let g(r) = 2*r + 3. Let y(l) = c(l) - 4*g(l). Determine y(-4).
9
Let n(j) = 3*j + 9. Let v be n(-3). Let w(r) = 4*r**3 - 4*r**2 - 3*r + 13. Let s(m) = -m**3 + m**2 + m - 1. Let d(b) = 3*s(b) + w(b). Give d(v).
10
Let z(h) be the first derivative of h**2/2 - 10*h - 352. Calculate z(6).
-4
Let c(b) = b**3 + 6*b**2 - 4*b + 17. Let r be c(-7). Let t(x) be the third derivative of 0 + 7/24*x**4 + 7*x**2 + 0*x + x**3 + 1/60*x**5. What is t(r)?
-6
Let p = 468 - 466. Le